{"version":"1.0","provider_name":"Cuballama Noticias","provider_url":"https:\/\/www.cuballama.com\/noticias","title":"Raul Castro estar\u00eda gravemente enfermo - Cuballama Noticias","type":"rich","width":600,"height":338,"html":"<blockquote class=\"wp-embedded-content\" data-secret=\"cOfr06Z2lA\"><a href=\"https:\/\/www.cuballama.com\/noticias\/raul-castro-gravemente-enfermo-diario-de-las-americas\/\">Raul Castro estar\u00eda gravemente enfermo<\/a><\/blockquote><iframe sandbox=\"allow-scripts\" security=\"restricted\" src=\"https:\/\/www.cuballama.com\/noticias\/raul-castro-gravemente-enfermo-diario-de-las-americas\/embed\/#?secret=cOfr06Z2lA\" width=\"600\" height=\"338\" title=\"\u00abRaul Castro estar\u00eda gravemente enfermo\u00bb \u2014 Cuballama Noticias\" data-secret=\"cOfr06Z2lA\" frameborder=\"0\" marginwidth=\"0\" marginheight=\"0\" scrolling=\"no\" class=\"wp-embedded-content\"><\/iframe><script>\n\/*! This file is auto-generated *\/\n!function(d,l){\"use strict\";l.querySelector&&d.addEventListener&&\"undefined\"!=typeof URL&&(d.wp=d.wp||{},d.wp.receiveEmbedMessage||(d.wp.receiveEmbedMessage=function(e){var t=e.data;if((t||t.secret||t.message||t.value)&&!\/[^a-zA-Z0-9]\/.test(t.secret)){for(var s,r,n,a=l.querySelectorAll('iframe[data-secret=\"'+t.secret+'\"]'),o=l.querySelectorAll('blockquote[data-secret=\"'+t.secret+'\"]'),c=new RegExp(\"^https?:$\",\"i\"),i=0;i<o.length;i++)o[i].style.display=\"none\";for(i=0;i<a.length;i++)s=a[i],e.source===s.contentWindow&&(s.removeAttribute(\"style\"),\"height\"===t.message?(1e3<(r=parseInt(t.value,10))?r=1e3:~~r<200&&(r=200),s.height=r):\"link\"===t.message&&(r=new URL(s.getAttribute(\"src\")),n=new URL(t.value),c.test(n.protocol))&&n.host===r.host&&l.activeElement===s&&(d.top.location.href=t.value))}},d.addEventListener(\"message\",d.wp.receiveEmbedMessage,!1),l.addEventListener(\"DOMContentLoaded\",function(){for(var e,t,s=l.querySelectorAll(\"iframe.wp-embedded-content\"),r=0;r<s.length;r++)(t=(e=s[r]).getAttribute(\"data-secret\"))||(t=Math.random().toString(36).substring(2,12),e.src+=\"#?secret=\"+t,e.setAttribute(\"data-secret\",t)),e.contentWindow.postMessage({message:\"ready\",secret:t},\"*\")},!1)))}(window,document);\n\/\/# sourceURL=https:\/\/www.cuballama.com\/noticias\/wp-includes\/js\/wp-embed.min.js\n<\/script>\n","thumbnail_url":"https:\/\/cdn1.mediawpaccore.net\/wp-content\/uploads\/2026\/05\/01134643\/HHPWr4MXoAAG7cr1.jpg","thumbnail_width":1200,"thumbnail_height":630,"description":"\u00abGravemente enfermo, asistido con equipos para mantenerlo con vida, afectado al parecer por un accidente cerebro vascular, ser\u00eda el estado en el que permanece el general de ej\u00e9rcito Ra\u00fal Castro, seg\u00fan informes llegados a la redacci\u00f3n de Diario Las Am\u00e9ricas.\u00bb"}

Raul Castro estaría gravemente enfermo - Cuballama Noticias

<blockquote class="wp-embedded-content" data-secret="cOfr06Z2lA"><a href="https://www.cuballama.com/noticias/raul-castro-gravemente-enfermo-diario-de-las-americas/">Raul Castro estaría gravemente enfermo</a></blockquote><iframe sandbox="allow-scripts" security="restricted" src="https://www.cuballama.com/noticias/raul-castro-gravemente-enfermo-diario-de-las-americas/embed/#?secret=cOfr06Z2lA" width="600" height="338" title="«Raul Castro estaría gravemente enfermo» — Cuballama Noticias" data-secret="cOfr06Z2lA" frameborder="0" marginwidth="0" marginheight="0" scrolling="no" class="wp-embedded-content"></iframe><script>
/*! This file is auto-generated */
!function(d,l){"use strict";l.querySelector&&d.addEventListener&&"undefined"!=typeof URL&&(d.wp=d.wp||{},d.wp.receiveEmbedMessage||(d.wp.receiveEmbedMessage=function(e){var t=e.data;if((t||t.secret||t.message||t.value)&&!/[^a-zA-Z0-9]/.test(t.secret)){for(var s,r,n,a=l.querySelectorAll('iframe[data-secret="'+t.secret+'"]'),o=l.querySelectorAll('blockquote[data-secret="'+t.secret+'"]'),c=new RegExp("^https?:$","i"),i=0;i<o.length;i++)o[i].style.display="none";for(i=0;i<a.length;i++)s=a[i],e.source===s.contentWindow&&(s.removeAttribute("style"),"height"===t.message?(1e3<(r=parseInt(t.value,10))?r=1e3:~~r<200&&(r=200),s.height=r):"link"===t.message&&(r=new URL(s.getAttribute("src")),n=new URL(t.value),c.test(n.protocol))&&n.host===r.host&&l.activeElement===s&&(d.top.location.href=t.value))}},d.addEventListener("message",d.wp.receiveEmbedMessage,!1),l.addEventListener("DOMContentLoaded",function(){for(var e,t,s=l.querySelectorAll("iframe.wp-embedded-content"),r=0;r<s.length;r++)(t=(e=s[r]).getAttribute("data-secret"))||(t=Math.random().toString(36).substring(2,12),e.src+="#?secret="+t,e.setAttribute("data-secret",t)),e.contentWindow.postMessage({message:"ready",secret:t},"*")},!1)))}(window,document);
//# sourceURL=https://www.cuballama.com/noticias/wp-includes/js/wp-embed.min.js
</script>

«Gravemente enfermo, asistido con equipos para mantenerlo con vida, afectado al parecer por un accidente cerebro vascular, sería el estado en el que permanece el general de ejército Raúl Castro, según informes llegados a la redacción de Diario Las Américas.»
