{"version":"1.0","provider_name":"Cuballama Noticias","provider_url":"https:\/\/www.cuballama.com\/noticias","author_name":"Roberto A.","author_url":"https:\/\/www.cuballama.com\/noticias\/author\/roberto\/","title":"Amelia Calzadilla: la tormenta medi\u00e1tica cubana del momento - Cuballama Noticias","type":"rich","width":600,"height":338,"html":"<blockquote class=\"wp-embedded-content\" data-secret=\"UDZo7e1DVy\"><a href=\"https:\/\/www.cuballama.com\/noticias\/amelia-calzadilla-la-tormenta-mediatica-cubana-del-momento\/\">Amelia Calzadilla: la tormenta medi\u00e1tica cubana del momento<\/a><\/blockquote><iframe sandbox=\"allow-scripts\" security=\"restricted\" src=\"https:\/\/www.cuballama.com\/noticias\/amelia-calzadilla-la-tormenta-mediatica-cubana-del-momento\/embed\/#?secret=UDZo7e1DVy\" width=\"600\" height=\"338\" title=\"\u00abAmelia Calzadilla: la tormenta medi\u00e1tica cubana del momento\u00bb \u2014 Cuballama Noticias\" data-secret=\"UDZo7e1DVy\" frameborder=\"0\" marginwidth=\"0\" marginheight=\"0\" scrolling=\"no\" class=\"wp-embedded-content\"><\/iframe><script type=\"text\/javascript\">\n\/* <![CDATA[ *\/\n\/*! This file is auto-generated *\/\n!function(d,l){\"use strict\";l.querySelector&&d.addEventListener&&\"undefined\"!=typeof URL&&(d.wp=d.wp||{},d.wp.receiveEmbedMessage||(d.wp.receiveEmbedMessage=function(e){var t=e.data;if((t||t.secret||t.message||t.value)&&!\/[^a-zA-Z0-9]\/.test(t.secret)){for(var s,r,n,a=l.querySelectorAll('iframe[data-secret=\"'+t.secret+'\"]'),o=l.querySelectorAll('blockquote[data-secret=\"'+t.secret+'\"]'),c=new RegExp(\"^https?:$\",\"i\"),i=0;i<o.length;i++)o[i].style.display=\"none\";for(i=0;i<a.length;i++)s=a[i],e.source===s.contentWindow&&(s.removeAttribute(\"style\"),\"height\"===t.message?(1e3<(r=parseInt(t.value,10))?r=1e3:~~r<200&&(r=200),s.height=r):\"link\"===t.message&&(r=new URL(s.getAttribute(\"src\")),n=new URL(t.value),c.test(n.protocol))&&n.host===r.host&&l.activeElement===s&&(d.top.location.href=t.value))}},d.addEventListener(\"message\",d.wp.receiveEmbedMessage,!1),l.addEventListener(\"DOMContentLoaded\",function(){for(var e,t,s=l.querySelectorAll(\"iframe.wp-embedded-content\"),r=0;r<s.length;r++)(t=(e=s[r]).getAttribute(\"data-secret\"))||(t=Math.random().toString(36).substring(2,12),e.src+=\"#?secret=\"+t,e.setAttribute(\"data-secret\",t)),e.contentWindow.postMessage({message:\"ready\",secret:t},\"*\")},!1)))}(window,document);\n\/\/# sourceURL=https:\/\/www.cuballama.com\/noticias\/wp-includes\/js\/wp-embed.min.js\n\/* ]]> *\/\n<\/script>\n","thumbnail_url":"https:\/\/cdn1.mediawpaccore.net\/wp-content\/uploads\/2026\/04\/30081314\/image-159.png","thumbnail_width":2272,"thumbnail_height":1292,"description":"La activista cubana Amelia Calzadilla anunci\u00f3 el domingo desde Madrid la creaci\u00f3n del Partido Liberal Ortodoxo Cubano, un partido de centro-derecha liberal. En menos de 72 horas, su publicaci\u00f3n super\u00f3 las 17,000 reacciones y 2,000 comentarios, la entrevistaron Juan Manuel Cao y el programa de 14ymedio, el r\u00e9gimen la atac\u00f3 a trav\u00e9s de Con Filo, la activista Lara Crofs anunci\u00f3 que militar\u00e1 en el partido, y casi todo el ecosistema pol\u00edtico cubano \u2014 a favor y en contra \u2014 se posicion\u00f3. Todo eso, en tres d\u00edas."}

Amelia Calzadilla: la tormenta mediática cubana del momento - Cuballama Noticias

<blockquote class="wp-embedded-content" data-secret="UDZo7e1DVy"><a href="https://www.cuballama.com/noticias/amelia-calzadilla-la-tormenta-mediatica-cubana-del-momento/">Amelia Calzadilla: la tormenta mediática cubana del momento</a></blockquote><iframe sandbox="allow-scripts" security="restricted" src="https://www.cuballama.com/noticias/amelia-calzadilla-la-tormenta-mediatica-cubana-del-momento/embed/#?secret=UDZo7e1DVy" width="600" height="338" title="«Amelia Calzadilla: la tormenta mediática cubana del momento» — Cuballama Noticias" data-secret="UDZo7e1DVy" frameborder="0" marginwidth="0" marginheight="0" scrolling="no" class="wp-embedded-content"></iframe><script type="text/javascript">
/* <![CDATA[ */
/*! This file is auto-generated */
!function(d,l){"use strict";l.querySelector&&d.addEventListener&&"undefined"!=typeof URL&&(d.wp=d.wp||{},d.wp.receiveEmbedMessage||(d.wp.receiveEmbedMessage=function(e){var t=e.data;if((t||t.secret||t.message||t.value)&&!/[^a-zA-Z0-9]/.test(t.secret)){for(var s,r,n,a=l.querySelectorAll('iframe[data-secret="'+t.secret+'"]'),o=l.querySelectorAll('blockquote[data-secret="'+t.secret+'"]'),c=new RegExp("^https?:$","i"),i=0;i<o.length;i++)o[i].style.display="none";for(i=0;i<a.length;i++)s=a[i],e.source===s.contentWindow&&(s.removeAttribute("style"),"height"===t.message?(1e3<(r=parseInt(t.value,10))?r=1e3:~~r<200&&(r=200),s.height=r):"link"===t.message&&(r=new URL(s.getAttribute("src")),n=new URL(t.value),c.test(n.protocol))&&n.host===r.host&&l.activeElement===s&&(d.top.location.href=t.value))}},d.addEventListener("message",d.wp.receiveEmbedMessage,!1),l.addEventListener("DOMContentLoaded",function(){for(var e,t,s=l.querySelectorAll("iframe.wp-embedded-content"),r=0;r<s.length;r++)(t=(e=s[r]).getAttribute("data-secret"))||(t=Math.random().toString(36).substring(2,12),e.src+="#?secret="+t,e.setAttribute("data-secret",t)),e.contentWindow.postMessage({message:"ready",secret:t},"*")},!1)))}(window,document);
//# sourceURL=https://www.cuballama.com/noticias/wp-includes/js/wp-embed.min.js
/* ]]> */
</script>

La activista cubana Amelia Calzadilla anunció el domingo desde Madrid la creación del Partido Liberal Ortodoxo Cubano, un partido de centro-derecha liberal. En menos de 72 horas, su publicación superó las 17,000 reacciones y 2,000 comentarios, la entrevistaron Juan Manuel Cao y el programa de 14ymedio, el régimen la atacó a través de Con Filo, la activista Lara Crofs anunció que militará en el partido, y casi todo el ecosistema político cubano — a favor y en contra — se posicionó. Todo eso, en tres días.
